+ 870. What is the thousands digit of n(5)?
6
Let t(k) = 9*k**2 - k + 156. Let g = -802 - -814. What is the units digit of t(g)?
0
Let f = 1 + -20. Let s(k) = 2 - 3 - k - k. What is the units digit of s(f)?
7
Let t = 73 + -72. Let v be (t/(-4) - (-232)/32) + 1. Suppose 5*g - v*g = -411. What is the units digit of g?
7
Let c(w) = 29*w**2 - 2*w + 1. Let x(m) = m**3 - 18*m**2 - m + 26. Let k be x(18). Let y be -1 - 4/k*2. What is the tens digit of c(y)?
2
Let h(z) = -5*z**3 - 6*z**2 + 44*z - 70. Let s(r) = 2*r**3 + 2*r**2 - 15*r + 23. Let x(i) = -3*h(i) - 8*s(i). What is the hundreds digit of x(-8)?
7
Suppose -7 = 7*n - 8*n. Suppose 0 = -h + n*h - 1728. What is the hundreds digit of h?
2
Let t(u) = -u**3 + 8*u**2 + 3*u + 3. Let q be t(8). Suppose r - 39 - q = 0. Let z = r - -9. What is the tens digit of z?
7
Suppose -z = 2*c - 5358 - 2279, -4*c + 15289 = -3*z. Suppose 0 = -10*a + 15*a - c. What is the hundreds digit of a?
7
Suppose -1979157 = 327*s - 27144423. What is the thousands digit of s?
6
Suppose -4*x + 14586 = -3*x + 4*g, 73002 = 5*x - 4*g. What is the ten thousands digit of x?
1
Suppose -73105 - 75008 - 47142 = -15*o. What is the units digit of o?
7
Let o = 43544 + -32317. What is the thousands digit of o?
1
Let q(t) = 5*t - 8. Let k be q(-2). What is the hundreds digit of (120/28)/((k/(-280))/9)?
6
Let c = -179 - -184. Suppose 0 = -c*k - v + 4246 - 1486, -3*k + 2*v + 1643 = 0. What is the units digit of k?
1
Suppose -201854 - 869029 = -29*h. What is the tens digit of h?
2
Let n = 20 + -1077. Let b = n - -1572. What is the units digit of b?
5
Let t(x) = 1599*x**2 + 16*x - 166. Let p be t(7). Suppose p = 62*u + 6439. What is the units digit of u?
9
Suppose r = 4*k - 65579 - 50901, 2*k = 2*r + 58234. What is the tens digit of k?
2
Let g be 7/1 + 6*2/(-3). What is the tens digit of 29320/30 + (-1)/g?
7
Let w = 31 - 26. Let f be 114/w - (-2 - (-18)/10). Suppose -4*z + 485 = -f. What is the tens digit of z?
2
What is the tens digit of 39*(-26)/169 + 7996*8?
6
Let y(j) = -j**2 - 23*j + 2873. What is the units digit of y(0)?
3
Let m(q) = 6*q - 4. Let t be m(1). Suppose -t*o - 816 = -4*o. Suppose 2*l = 4*h - o, 0*h - 3*h - 2*l + 320 = 0. What is the hundreds digit of h?
1
Suppose 96670 = 17*q + 19558. What is the tens digit of q?
3
Suppose -2*h + 43 - 272 = -d, 0 = -5*h. Suppose -2*i - 3*k = -722, -i = -2*k + d - 597. What is the units digit of i?
4
What is the hundreds digit of 1/((-38075)/9519 + 4)?
5
Let n(r) = 18*r**2 - 8*r - 68. Let y be n(-7). Suppose y = -81*o + 83*o. What is the tens digit of o?
3
Let y = 892 + -84. Let q = -329 + y. What is the hundreds digit of q?
4
Let c = -19897 + 41096. What is the thousands digit of c?
1
Suppose -39 = -4*h + 745. Suppose y + 3*y = -2*g - 134, y = -3*g - h. Let j = 25 - g. What is the tens digit of j?
9
Let c = 661 - 385. Let l be (-127)/2*(5 - 3). Let i = l + c. What is the hundreds digit of i?
1
Suppose j - 25 = 4*x, -x + 40 = 4*j + 8. Suppose j*u + 21*u - 5550 = 0. What is the tens digit of u?
8
Let n(w) be the second derivative of -w**4/6 - 13*w**3/3 + 11*w**2 - 5*w + 3. What is the units digit of n(-9)?
4
Suppose -4131 = 2*f - g, -12*f + 16*f + g = -8271. What is the hundreds digit of (54/(-45))/(f/(-1035) - 2)?
4
Let v(g) = g**3 - 3*g**2 - 7*g + 19. Let s be v(4). Let i be 0/(4/2) - -2. What is the tens digit of (-318)/(-14) + i/s?
2
Let m = -12948 - -36479. What is the tens digit of m?
3
Let p be (-72)/12 - (-12 - -2). What is the units digit of 4*p/(-8) - -474?
2
Let k = 58037 - 40568. What is the thousands digit of k?
7
Let h = -24 + 30. Suppose 0 = -h*k - 23 + 41. Suppose -2*m = k*g - 117, -4*m + 5*g + 111 + 178 = 0. What is the units digit of m?
6
Suppose -17*y + 4*y + 33304 = -27380. What is the hundreds digit of y?
6
Let b = 172 + -821. Let x = b + 1084. What is the hundreds digit of x?
4
Suppose 0 = 13*y - 12 - 14. What is the tens digit of 2/(y - 3) - (0 + -262)?
6
Suppose 48788 = 23*z + 27*z - 46*z. What is the units digit of z?
7
Suppose 4*j = 0, 0 = -4*q - 0*q + 5*j - 3120. Let n = q + 1335. What is the units digit of n?
5
Let h(a) = -5*a - 36. Let g be h(-8). Let r(k) = -6*k + 34. Let q be r(g). Suppose s + 22 = 3*c, -3*c + 2*s + 16 = -q. What is the units digit of c?
6
Let b = -5 + 20. Suppose 0 = b*x - 707 - 10813. What is the tens digit of x?
6
Suppose 0 = -2*g - 0*h - 5*h + 149103, 4*g = -3*h + 298185. What is the tens digit of g/114 - (-4)/38?
5
Suppose x + 9 = 2*u, 4*x + 29 - 21 = u. Suppose l - 3*j - 497 - 161 = 0, 3*l - u*j = 1989. What is the units digit of l?
7
What is the thousands digit of (((-159)/(-636))/(10/(-32)))/(1/(-21745))?
7
Suppose 4*q + 6*k = 9*k - 6, 3*q + 4 = 2*k. Suppose -2*m = -4*i - q*m + 610, -4*i + 635 = 3*m. What is the tens digit of i?
5
Let f be -4*(-12)/32*-42. What is the units digit of 6/(-4)*(-11 + f)?
1
Let r(x) = -9*x**3 + x**2 + 25*x - 9. Let v(u) = -10*u**3 + 2*u**2 + 26*u - 11. Let w(h) = -5*r(h) + 4*v(h). What is the units digit of w(4)?
5
What is the ten thousands digit of -13 + (21 - 3) - -13004?
1
Let u be 13617/(-6)*78/54*6. What is the tens digit of (u/(-39))/((-5)/(-15))?
1
What is the units digit of (-884)/(-8)*3878/35 + (-12)/30?
3
Suppose -16*f = -30*f + 91966. What is the tens digit of f?
6
Let n(q) = -q**2 - 41*q + 16. Let z be n(-41). Let b(y) = -y**3 + 20*y**2 - 40*y + 28. What is the hundreds digit of b(z)?
4
Let v(j) = j + 41. Let n be v(-10). Let r = -30 + n. What is the units digit of (4/(-6))/(r/(-45))?
0
Let i(b) = 2*b. Let u be i(3). Suppose 0 = n - v, 2*n - 4*v = -u*v + 12. What is the tens digit of (-34)/(-4)*(n - -3)?
5
Let a = 12331 - 2347. Suppose 23*i = 36*i - a. What is the units digit of i?
8
Let g(j) = 11*j**2 - 9*j - 27. Let b be ((-3)/(9/4))/(25/150). What is the tens digit of g(b)?
4
Let b(p) = -3*p**3 - 29*p**2 - 16*p - 179. What is the ten thousands digit of b(-23)?
2
Let t(f) = 97*f + 94. Let n = -405 - -412. What is the units digit of t(n)?
3
Suppose -324147 = -5*z - 3*n, -5*z - 5*n + 324133 = 12*n. What is the hundreds digit of z?
8
Let k(z) = 2282*z**3 + z**2 - z. Let w be k(1). Suppose j + 917 = 2*u + 3, -j = -5*u + w. What is the hundreds digit of u?
4
Let i(n) = n**3 - 2*n**2 - 216*n - 61. What is the thousands digit of i(26)?
0
Let o be 5/4*152/95. Suppose 3*m - o*z + 4658 = 7*m, 5*m - 4*z - 5829 = 0. What is the tens digit of m?
6
Suppose -5*w + 5*r = -42 + 2, 0 = -r + 4. What is the units digit of (-2494)/w*222/(-37)?
7
Suppose 35 - 107 = -12*g. Let u = -480 + 719. Suppose 3*o - 4*d = u, 2*o + 267 = g*o + 5*d. What is the tens digit of o?
7
Let d(o) = 40*o - 1859. What is the hundreds digit of d(56)?
3
Let t(d) = -d**3 + 5*d**2 + 8*d - 9. Suppose -2*n - 5*n = -42. Let o be t(n). Suppose -5*x = -10, x = 4*v - o - 215. What is the units digit of v?
5
Suppose 4*l - 2 = l + 2*n, -l - 4*n = -24. Suppose -4 = -4*b + 3*b - r, -l*b + r = -36. Let w(q) = -q**2 + 10*q + 10. What is the units digit of w(b)?
6
Suppose 5*f - 38831 = -3*p, 8*p = 12*p + 5*f - 51763. What is the tens digit of p?
3
Suppose 11*j + 368 = -4252. What is the units digit of 90/(1 - 5 - j/100)?
0
Let w = 65 - 56. Let v(s) = 3*s**2 - 10*s + 22. Let g be v(w). Let m = 248 - g. What is the units digit of m?
3
Let l(d) = 4*d**2 + 21*d + 6. Suppose 23*p = 19*p + 36. What is the units digit of l(p)?
9
Suppose 2*w - 15*s - 19134 = -12*s, -4*w - 2*s = -38284. What is the tens digit of w?
7
Suppose h - 18 + 6 = 2*f, -3*h + 3*f + 24 = 0. Suppose 2*a - 3254 = -h*z, -4060 = -0*z - 5*z - 5*a. What is the hundreds digit of z?
8
Suppose -5*g = -15, -j = -5*j + 5*g + 277. Let y = -41 + j. Let w = -26 + y. What is the units digit of w?
6
Let t(v) = 1051*v**2 + 5*v + 3. Let m be t(-2). Suppose -8*n - 373 = -m. What is the hundreds digit of n?
4
Suppose 0 = -n - 5*n - 30. What is the tens digit of n - (24/(-10))/(-6)*-185?
6
Let j = -347 - -1654. Let m = 1968 - j. What is the units digit of m?
1
Let q = 6490 + -1415. Suppose 2*c + q = 7*c - z, -4*z - 4044 = -4*c. What is the hundreds digit of c?
0
What is the units digit of 1082*(-6)/84*-35?
5
Let r = 250 + -125. Let b = r - 109. Suppose 0 = -b*x + 18*x - 232. What is the hundreds digit of x?
1
Let b(r) = 2*r**2 + 25*r - 9. Let p be b(-13). Suppose -2*o + 1267 = p*t - 19, 0 = 5*o + 5*t - 3190. Let 